1165
What is 2012027 (base 9) in base 8?
4053516
-50703 (base 10) to base 14
-14699
-110011111011101100 (base 2) to base 14
-57740
What is -1c3b24 (base 16) in base 4?
-13003230210
Convert -101100101011001110 (base 2) to base 13.
-653a2
What is -6dd0e (base 15) in base 8?
-1254544
Convert 134314223 (base 5) to base 2.
10101010011011001111
-132161310 (base 7) to base 5
-4134034223
147284 (base 9) to base 2
10110001000001010
Convert 1c375 (base 14) to base 10.
72035
Convert -2f89e (base 16) to base 8.
-574236
1bb26 (base 15) to base 11
618a6
What is 481806 (base 9) in base 14?
779d1
Convert -21314421 (base 5) to base 6.
-3524502
Convert 8ff (base 16) to base 5.
33203
1793431 (base 10) to base 12
725a47
-202133534 (base 6) to base 11
-1a57393
404273 (base 9) to base 3
110011022110
Convert 11041323 (base 5) to base 9.
156281
114431453 (base 6) to base 3
11002211112120
701732 (base 8) to base 4
320033122
Convert -32141540 (base 6) to base 9.
-1702316
5042ac (base 15) to base 6
213403243
-4bc9dd (base 15) to base 3
-20211210011201
What is 12111 (base 7) in base 8?
6110
Convert -351782 (base 9) to base 6.
-4310202
Convert -1012433212 (base 5) to base 14.
-3c1071
What is 10c2c6 (base 15) in base 4?
3003123333
What is -4485412 (base 9) in base 3?
-11112212110102
What is aa01b5 (base 12) in base 14?
5026c9
1100011111000011010010 (base 2) to base 3
20011021121001
What is 561c5c (base 13) in base 10?
2032133
Convert -2046153 (base 9) to base 4.
-10022333331
Convert -1141712 (base 9) to base 5.
-124234131
Convert 2ab037 (base 12) to base 4.
2300301223
What is -130052 (base 10) in base 14?
-35576
-20122122220 (base 3) to base 15
-28c19
Convert 5d3377 (base 14) to base 5.
1304304303
-434433 (base 8) to base 13
-51410
-1010434 (base 6) to base 12
-23a1a
Convert -2281374 (base 12) to base 13.
-14b5397
What is 84a7c5 (base 13) in base 5?
1243423102
What is -2011131223 (base 4) in base 8?
-2053553
What is 583251 (base 9) in base 5?
42201003
Convert 90388 (base 11) to base 5.
13212403
Convert 97917 (base 10) to base 11.
67626
9a050 (base 11) to base 2
100011011011101110
Convert 398ba (base 13) to base 15.
21a5b
Convert -7433b7 (base 12) to base 3.
-10110000000011
What is -223111 (base 5) in base 11?
-5a38
Convert 10020000001 (base 3) to base 4.
33133000
1000110110111110 (base 2) to base 11
25298
-bab9c (base 15) to base 9
-1103703
-10222012112 (base 3) to base 12
-39288
4445334 (base 10) to base 3
22100211212000
Convert 72321 (base 8) to base 4.
13103101
-50572 (base 12) to base 10
-104486
331806 (base 9) to base 2
110000011001000101
Convert -1037715 (base 8) to base 7.
-2236613
322262 (base 8) to base 9
173654
Convert 2e8e20 (base 15) to base 6.
120220120
-11021212221222 (base 3) to base 6
-120520125
1ab0c (base 13) to base 16
ccb2
What is -1212100221020 (base 3) in base 16?
-f20a0
Convert 101010100110110110000111 (base 2) to base 4.
222212312013
741036 (base 9) to base 6
13234353
Convert 21001201002 (base 3) to base 5.
13422100
Convert 55177 (base 11) to base 5.
10030230
1010001000111000 (base 2) to base 8
121070
-413043 (base 8) to base 11
-93809
What is -16431332 (base 7) in base 11?
-9a6439
Convert -7700a4 (base 13) to base 12.
-b2ba34
What is 16056044 (base 7) in base 12?
6252b8
Convert -13a426 (base 11) to base 4.
-311122230
53120433 (base 6) to base 16
17a765
11115453 (base 6) to base 7
2602164
2874e (base 16) to base 5
20300320
What is -1331314 (base 8) in base 4?
-1123023030
1e7a6 (base 16) to base 7
1026650
Convert 28d20 (base 15) to base 14.
35b5b
97ad27 (base 14) to base 3
100200002212100
What is -1312104123 (base 5) in base 14?
-604086
What is 13332130120 (base 4) in base 15?
2b4751
-10233 (base 7) to base 2
-100111011011
Convert -1103a (base 16) to base 10.
-69690
-26b615 (base 12) to base 4
-2130232301
Convert -5534157 (base 8) to base 12.
-5b983b
-30742058 (base 9) to base 14
-1d6dd2d
Convert 48051 (base 9) to base 3.
1122001201
Convert -469579 (base 11) to base 3.
-1101211120020
Convert -241041421 (base 6) to base 2.
-10001010010001111110101
Convert -2343104 (base 6) to base 10.
-122512
Convert -1266556 (base 7) to base 16.
-2904d
Convert 1101011100110010001000 (base 2) to base 10.
3525768
22251247 (base 8) to base 5
2212232122
Convert 11001010110101100110 (base 2) to base 13.
231215
Convert 101111100010100010 (base 2) to base 5.
22212342
204618 (base 9) to base 15
26012
-1110122021 (base 3) to base 10
-28897
Convert 1255536 (base 7) to base 14.
4431d
Convert 151425134 (base 6) to base 9.
5846704
586a58 (base 12) to base 3
2200020111212
10101100001011101000 (base 2) to base 7
5665066
-232400001 (base 5) to base 9
-1884164
What is -10101110010010111001111 (base 2) in base 4?
-111302113033
Convert 2022440 (base 6) to base 8.
274370
What is 108169 (base 10) in base 5?
11430134
20a631 (base 15) to base 16
17b5e8
Convert 254750 (base 9) to base 11.
a6032
What is -1112230302 (base 4) in base 7?
-3006225
What is a7940c (base 15) in base 7?
124552410
-21719 (base 15) to base 6
-2135440
Convert -1340661 (base 9) to base 8.
-2634215
What is 220053051 (base 7) in base 4?
302110021332
What is -622424 (base 15) in base 9?
-8700377
aa7c8 (base 15) to base 13
15c791
What is 16316214 (base 9) in base 5?
4042103442
Convert 11110112210022 (base 3) to base 13.
650cb7
Convert 1010011001100100010110 (base 2) to base 7.
32113002
Convert 12ad142 (base 14) to base 15.
bd424a
Convert 140448 (base 9) to base 6.
1500325
What is 8434208 (base 9) in base 15?
5e1698
What is 30473a (base 14) in base 16?
18cf10
-545212 (base 8) to base 3
-100021220220
33221123011 (base 4) to base 16
3e96c5
Convert -107036 (base 8) to base 3.
-1211220111
-350689 (base 11) to base 4
-2020001331
What is 2131523 (base 6) in base 12?
50ba3
15c0a (base 16) to base 10
89098
What is -101100101100000010110101 (base 2) in base 16?
-b2c0b5
Convert -10100111000011101001111 (base 2) to base 3.
-101022010002110
250a21 (base 11) to base 3
202010221200
-107861 (base 9) to base 3
-10021222001
13891a (base 12) to base 4
1033220212
What is 61274 (base 14) in base 6?
5002034
What is 112128 (base 9) in base 2?
10000011001100111
120479 (base 10) to base 14
31c99
Convert -1211001202 (base 3) to base 12.
-18848
What is 147d59 (base 16) in base 9?
2465880
-430633 (base 8) to base 14
-3a575
What is 24aa4 (base 11) in base 2?
1000110001011010
768078 (base 9) to base 10
458612
Convert 529c7 (base 14) to base 11.
126990
-5c72c7 (base 13) to base 5
-1031340302
1564545 (base 7) to base 3
102001200110
Convert 78a5820 (base 11) to base 12.
477727a
What is -133204303 (base 5) in base 9?
-1244004
-6721703 (base 8) to base 9
-3360681
What is -404712 (base 9) in base 7?
-2015543
Convert -886a8 (base 12) to base 4.
-230013200
Convert -b8720 (base 12) to base 9.
-410236
-43233422 (base 5) to base 14
-9816b
Convert 74524034 (base 8) to base 12.
53aab90
Convert 422012 (base 7) to base 10.
72725
1055643 (base 8) to base 13
9ccc6
-d00 (base 15) to base 4
-231231
Convert -56340503 (base 7) to base 6.
-252402322
What is -1016619 (base 12) in base 14?
-587bb7
1133422 (base 5) to base 4
11021320
Convert 6441347 (base 8) to base 4.
12210023213
-95a6ac (base 14) to base 6
-300251440
What is 7599 (base 13) in base 3?
211102120
What is -1112110211112 (base 3) in base 11?
-508385
-50176714 (base 8) to base 11
-5a56a15
What is 207b186 (base 12) in base 16?
5da236
Convert 100201220101 (base 3) to base 15.
3bbc1
Convert -2422341 (base 6) to base 10.
-127573
What is -101001111010011111 (base 2) in base 11?
-107a92
-184453 (base 13) to base 9
-1127734
What is 4879 (base 15) in base 9?
23126
-422a25 (base 11) to base 15
-d5a90
What is 31461544 (base 7) in base 10?
2670532
Convert 136475 (base 10) to base 12.
66b8b
Convert -2722226 (base 8) to base 12.
-30969a
-3656f (base 16) to base 14
-5b183
Convert 9c7b9c (base 13) to base 8.
16075750
What is -12032155 (base 6) in base 2?
-1011100001100100111
What is 257735 (base 8) in base 4?
111333131
What is 2b416 (base 15) in base 11?
95723
What is -20300224 (base 5) in base 6?
-3315025
What is -2b2e9f (base 16) in base 8?
-12627237
Convert -b8591 (base 12) to base 5.
-30231444
Convert -402137 (base 8) to base 7.
-1060253
-90359 (base 12) to base 10
-187125
What is -1146a97 (base 13) in base 2?
-101000101